3*l + 1296*o - 1299*o + 5196 = 0, -l - 4*o + 1738 = 0. What is the hundreds digit of l?
7
What is the thousands digit of 6910*(108/495 - (-14)/77)?
2
Let n(f) be the second derivative of 85*f**4/12 - f**3/2 - f**2/2 - 317*f. Let w(l) = -l**3 - 6*l**2 - 6*l - 6. Let v be w(-5). What is the tens digit of n(v)?
8
Suppose 24*c - 5 = 19*c. Let h(z) = 416*z. What is the units digit of h(c)?
6
Suppose v - 6*v + 3*n + 14 = 0, -8 = -4*v + 4*n. Suppose -4*y - v*m = -6*m - 122, 5*m = 5*y - 160. What is the units digit of y?
9
Suppose 3*j + 9 = -6*j. Let o be -2*(1870/(-30) + j/(-3)). Suppose 4*v + 5*s - 369 + o = 0, -5 = -s. What is the tens digit of v?
5
What is the units digit of (-38)/(-76) + 26956/8?
0
Suppose -27 = 7*g - 4*g. Let z be (-34)/153 - (-1 + (-7)/g). Suppose -20*y + 16*y + 572 = z. What is the hundreds digit of y?
1
Suppose 30*a - 211439 = 7*a. Suppose a = 50*o + 843. What is the tens digit of o?
6
Let w(k) = -5549*k**3 - 9*k**2 - 4*k + 5. What is the hundreds digit of w(-1)?
5
Let v = -44 + 50. What is the hundreds digit of 1*15*74/v?
1
Suppose -2*o - 2*o + 3*v = 22, 2*o - v + 10 = 0. Let j be 6 + o - -27 - -3. Suppose -3*g - 391 = -4*r, -5*r - 5*g + 413 + j = 0. What is the tens digit of r?
9
Suppose 193 + 1703 = 6*a. Suppose 0*w + w = -4*j + a, -222 = -3*j + 3*w. Let n = j + -20. What is the units digit of n?
8
Suppose -3*k - 27 = 753. What is the tens digit of (12/(-16) + 1 + -1)*k?
9
Let w(j) = 390*j**2 + 58*j - 348. What is the tens digit of w(7)?
6
Suppose -3*g - 4*k + 83 = -11, 0 = -4*g + 2*k + 140. Let i(l) = l**2 - 9*l - 157. What is the units digit of i(g)?
3
Let u(m) = m**3 - 7*m**2 - 9*m - 9. Let t be 4012/413 - (1 + (-9)/7). What is the hundreds digit of u(t)?
2
Let a(n) = -31*n - 80. Let b be a(-3). Suppose 54*d - b = 41*d. What is the units digit of d?
1
Suppose 109*o - 111*o - 8 = 0. What is the units digit of 237 - o/((-8)/(-2))?
8
Suppose 30*t - 25 = 35*t. What is the tens digit of 619 - (1 + 5 + t - -4)?
1
Suppose 5*j + 1043 = h, 5*j + 3 = -2. Suppose -y = -2*w + h, -4*y - 14 = -5*w + 2575. What is the units digit of w?
1
Let y = 111 - 100. Suppose 5*h - 10*p - 2170 = -y*p, 4*h - 5*p = 1736. What is the hundreds digit of h?
4
Suppose -228532 = -33*t - 29839. What is the tens digit of t?
2
Let o(k) = 70*k**2 + 294*k + 139. What is the tens digit of o(28)?
5
Let n(q) = q + 1. Let u(l) = l**3 + 7*l**2 - 2*l + 1. Let k(b) = 4*n(b) + u(b). Let j be (-5 + 174/42)*7. What is the tens digit of k(j)?
2
Suppose 0 = 94*p - 422185 - 511799. What is the units digit of p?
6
Let y = -4272 - -17094. Suppose -y = -8*n - 1014. What is the units digit of n?
6
What is the ten thousands digit of (16 + 0)/2 + (24825 - (14 + -21))?
2
Let l(q) = -140*q - 42. Let n be l(-2). Suppose n + 1562 = 18*x. What is the units digit of x?
0
Suppose -384 = -5*c - a, 5*a - 37 = -5*c + 343. Suppose 3*t + 35 = f, 3*f - c = -t + 3*t. What is the tens digit of f?
2
Let q = 1242 - 1177. Suppose -2*f + 3*f - 216 = 0. Suppose -z = -4*g - 0*z + f, g = 3*z + q. What is the tens digit of g?
5
Suppose 10*l - 16*l = 7*l - 122304. What is the thousands digit of l?
9
Let f(s) = -4129*s**3 + 256*s**2 + 511*s + 1. What is the thousands digit of f(-2)?
3
Suppose -7*g - 30 = -10*g. Suppose 8*a + 2 = g*a. What is the hundreds digit of -3 + 2 + a - -153?
1
Suppose 709 = 4*v - 5*d, -40*v - 3*d = -35*v - 840. What is the tens digit of 6519/19 + (-18)/v?
4
Suppose -5459 = 23*y + 22578. Let b = 1761 + y. What is the hundreds digit of b?
5
Let z(x) = 2343*x + 2. Let k be z(1). Suppose 3171 = 5*q + 4*s - 759, 3*q = -5*s + k. What is the units digit of q?
0
Suppose 2*a = -8, 0 = 4*m - 4*a + 2*a + 8. What is the units digit of 36/(-6) - -449 - m?
7
Let c = 1454 - 1427. What is the tens digit of c?
2
Suppose -3*r = 2*h + 572, 25 + 0 = 5*h. Suppose -2*u + 6*u = -4*t - 428, 4*t = -2*u - 422. Let o = t - r. What is the tens digit of o?
9
Suppose 3*m - m - 2*r = 0, 4 = m + 3*r. What is the units digit of m*2*(5 - (-8)/16)?
1
Let z = 3300 - -1974. Let i = z + -3735. What is the units digit of i?
9
Let m = 14 + -22. Let r be 292/(-16) - (-6)/m. Let f(a) = -5*a - 3. What is the tens digit of f(r)?
9
Let l = 149 + -106. Let n(x) = -x**2 + 20*x - 38. Let a be n(16). Let c = l - a. What is the tens digit of c?
1
Suppose 2832 = 2*d - 11*c - 1230, -4*d + 2*c = -8004. What is the tens digit of d?
9
Let h(z) = 441*z - 31. What is the tens digit of h(20)?
8
What is the thousands digit of 250934/10 - (-208)/(-520)?
5
Let h = 4259 + -2893. What is the thousands digit of h?
1
Suppose 2*a = 5*h + 40, a + h - 6 = -0. Let f be -4*((-4)/a + (-77)/220). Suppose -4*y = -0*y + 4*k - 636, -k + 471 = f*y. What is the tens digit of y?
5
Let y = -158 - -160. Suppose 7*c - 5*c = -5*r + 544, y*r = 3*c - 797. What is the units digit of c?
7
Suppose -18*a + 36868 = -98960. Suppose 71*o + a = 85*o. What is the hundreds digit of o?
5
What is the units digit of (104233503/1188 - (-1)/9) + 10/40?
9
Suppose 800*n - 42 = 793*n. Let u = 6 - 4. Suppose u*r + 4*v = 228, -2*v - 12 = -n*v. What is the tens digit of r?
0
Let q = 35 + -35. Suppose q = 57*r - 56*r - 483. What is the tens digit of r?
8
Let o(m) be the third derivative of -95*m**4/8 - m**3/2 + 88*m**2. What is the tens digit of o(-1)?
8
Let w = -19 - 3. Let g = 22 + w. What is the units digit of (g - -1)/((-1)/(-38))?
8
Suppose -4*o - 19 + 27 = 0. Suppose -757 - 100 = -2*w + 3*j, 1754 = 4*w + o*j. What is the units digit of w?
6
Suppose -34*x + 9059 = -30721. What is the thousands digit of x?
1
Let m(j) = -5*j**2 - 4*j - 4*j + 12*j - 5. Let t be m(4). Let q = t + 101. What is the tens digit of q?
3
Suppose -2*c - 2969 = -4*q + 739, -2*q - 4*c = -1834. What is the hundreds digit of q?
9
Suppose 4*c = -c - 3*c. Suppose c = -5*s + 2*a + 2586, -1035 = -2*s - 0*a + a. What is the hundreds digit of s?
5
Let n(o) be the third derivative of -83*o**4/24 - o**3/3 + o**2 + 1. What is the tens digit of n(-2)?
6
What is the ten thousands digit of (-3584628)/(-264) - (-24)/(-176)?
1
Suppose -880 - 2436 = -2*f. Suppose c - f = -3*c - l, 2066 = 5*c - 2*l. What is the units digit of (4/(-12))/(-3 - (-1240)/c)?
9
Let u = 279 - 195. Let f = u - 79. Suppose -1284 + 179 = -f*x. What is the hundreds digit of x?
2
Let u = -1346 - -29950. What is the tens digit of u?
0
Let l(t) = -1614*t**3 - 15*t**2 - 9*t + 4. Let m(g) = g**3 + 2*g**2 + g - 1. Let i(a) = l(a) + 5*m(a). What is the hundreds digit of i(-1)?
6
Let n = 1 + -1. Suppose 0 = 4*t - 3*s, s + s = n. What is the tens digit of ((-1426)/(-10) - t) + (-2)/(-5)?
4
Suppose -5135*c = -5169*c + 558586. What is the tens digit of c?
2
Let w = 92 + -391. Let r = w + 425. What is the tens digit of r?
2
Suppose 13*h = 11801 - 1661. What is the hundreds digit of (h/3)/(6/21)?
9
Suppose 42566 + 4831 = 7*l. What is the units digit of l?
1
Suppose -8*k + 4*k + 7172 = 0. What is the hundreds digit of k?
7
Let n be (1 - 24884) + 110/(-22) + 3. What is the hundreds digit of n/(-65) - (-20)/130?
3
Suppose -11113581 = -289*j - 2*j. What is the thousands digit of j?
8
Let b(c) = -4*c**2 - 38*c + 16. Let l be b(-10). What is the units digit of (6952/(-12))/11*42/l?
3
Suppose 6*b - 29*b + 67045 = 0. Let p = b + -1735. What is the tens digit of p?
8
Let b = 90 + -84. Let w(z) = 4*z**2 - z + 23. What is the hundreds digit of w(b)?
1
Suppose 135843 = 40*d - 66037. What is the thousands digit of d?
5
Let k = 192 + 1051. Suppose -a + 3*h + 933 = 2*a, 0 = -4*a + 3*h + k. What is the units digit of a?
0
Let w = 4028 - -4484. What is the hundreds digit of w?
5
Let o(g) = -2*g**3 - 12*g**2 - g + 9. Let f be 2/(-14) + 2232/(-252). What is the units digit of o(f)?
4
Let h(a) = 9*a**2 - 9*a + 17. Let v = -173 + 178. What is the units digit of h(v)?
7
Let u = -235 + 107. What is the units digit of (-3)/(18/u)*12?
6
Suppose 2*z - 8*z = -0*z - 21168. What is the tens digit of z?
2
What is the thousands digit of 17*76/10982 + ((-456816)/34)/(-2)?
6
Suppose -v - 86 = -4*c + 9, c - 5*v - 19 = 0. Suppose 0 = -c*d + 275 + 85. What is the units digit of d?
5
Suppose -5*z = 2*u - 8, 6*z - 5*z + 8 = 2*u. Let h(v) = 19*v**3 - 3*v**2 + 5*v + 14. What is the units digit of h(u)?
2
Let v(s) = 145*s - 10. Let f = 6 + 5. Let o be v(f). What is the tens digit of -2*o/(-15) - 3/9?